en 260354 is divided by 71.
68
Calculate the remainder when 91090 is divided by 45543.
4
Calculate the remainder when 18019 is divided by 1509.
1420
What is the remainder when 20547 is divided by 403?
397
What is the remainder when 425815 is divided by 44?
27
What is the remainder when 1820993 is divided by 87?
83
Calculate the remainder when 2562 is divided by 637.
14
Calculate the remainder when 943 is divided by 897.
46
What is the remainder when 54008 is divided by 137?
30
What is the remainder when 978 is divided by 413?
152
Calculate the remainder when 49073 is divided by 220.
13
What is the remainder when 729382 is divided by 228?
10
Calculate the remainder when 362905 is divided by 26.
23
Calculate the remainder when 28337 is divided by 47.
43
What is the remainder when 314486 is divided by 83?
82
What is the remainder when 2473 is divided by 492?
13
Calculate the remainder when 154261 is divided by 22.
19
What is the remainder when 933 is divided by 846?
87
Calculate the remainder when 59050 is divided by 12.
10
Calculate the remainder when 7431 is divided by 197.
142
Calculate the remainder when 132230 is divided by 53.
48
Calculate the remainder when 12338 is divided by 5908.
522
What is the remainder when 887 is divided by 688?
199
Calculate the remainder when 1340 is divided by 172.
136
Calculate the remainder when 201200 is divided by 201.
200
What is the remainder when 103451 is divided by 598?
595
What is the remainder when 530 is divided by 135?
125
Calculate the remainder when 7848 is divided by 47.
46
What is the remainder when 196337 is divided by 98164?
9
Calculate the remainder when 3434 is divided by 397.
258
What is the remainder when 3562 is divided by 92?
66
Calculate the remainder when 29425 is divided by 613.
1
What is the remainder when 11682 is divided by 123?
120
What is the remainder when 1669 is divided by 107?
64
Calculate the remainder when 15313 is divided by 204.
13
What is the remainder when 65211 is divided by 281?
19
Calculate the remainder when 62112 is divided by 44.
28
Calculate the remainder when 91158 is divided by 398.
16
Calculate the remainder when 478168 is divided by 20789.
21
Calculate the remainder when 3671 is divided by 36.
35
What is the remainder when 13053 is divided by 154?
117
Calculate the remainder when 8982 is divided by 264.
6
What is the remainder when 3361803 is divided by 126?
123
Calculate the remainder when 4622 is divided by 264.
134
What is the remainder when 2347 is divided by 195?
7
What is the remainder when 24725 is divided by 72?
29
What is the remainder when 57353 is divided by 237?
236
Calculate the remainder when 1342361 is divided by 708.
701
Calculate the remainder when 27685 is divided by 602.
595
What is the remainder when 30183 is divided by 87?
81
Calculate the remainder when 217344 is divided by 14.
8
Calculate the remainder when 23472 is divided by 1296.
144
Calculate the remainder when 87587 is divided by 301.
297
Calculate the remainder when 7176 is divided by 2362.
90
What is the remainder when 5028 is divided by 294?
30
Calculate the remainder when 2007 is divided by 998.
11
Calculate the remainder when 583223 is divided by 7.
4
Calculate the remainder when 3005 is divided by 1029.
947
What is the remainder when 29787 is divided by 1419?
1407
Calculate the remainder when 8921 is divided by 22.
11
What is the remainder when 162700 is divided by 27?
25
What is the remainder when 6632 is divided by 40?
32
What is the remainder when 588381 is divided by 81?
78
Calculate the remainder when 3535 is divided by 115.
85
What is the remainder when 217931 is divided by 121?
10
Calculate the remainder when 7914 is divided by 2634.
12
Calculate the remainder when 10026 is divided by 374.
302
What is the remainder when 17293 is divided by 8624?
45
Calculate the remainder when 628 is divided by 551.
77
Calculate the remainder when 3001 is divided by 20.
1
What is the remainder when 32598 is divided by 16231?
136
What is the remainder when 225312 is divided by 99?
87
Calculate the remainder when 148394 is divided by 30.
14
What is the remainder when 256839 is divided by 543?
0
What is the remainder when 90616 is divided by 23?
19
Calculate the remainder when 408952 is divided by 107.
105
What is the remainder when 94113 is divided by 3?
0
Calculate the remainder when 1337569 is divided by 26.
25
Calculate the remainder when 71832 is divided by 630.
12
Calculate the remainder when 154449 is divided by 44.
9
Calculate the remainder when 6087 is divided by 226.
211
What is the remainder when 28074 is divided by 703?
657
Calculate the remainder when 128926 is divided by 272.
270
What is the remainder when 7959 is divided by 497?
7
Calculate the remainder when 185534 is divided by 10913.
13
What is the remainder when 38542 is divided by 50?
42
Calculate the remainder when 30972 is divided by 21.
18
What is the remainder when 19216 is divided by 310?
306
Calculate the remainder when 1507006 is divided by 188.
186
What is the remainder when 81142 is divided by 4?
2
Calculate the remainder when 291034 is divided by 1249.
17
Calculate the remainder when 11223 is divided by 2804.
7
What is the remainder when 7077 is divided by 1163?
99
Calculate the remainder when 2290 is divided by 441.
85
Calculate the remainder when 693467 is divided by 231155.
2
Calculate the remainder when 4536 is divided by 499.
45
Calculate the remainder when 61327 is divided by 50.
27
Calculate the remainder when 5238 is divided by 69.
63
Calculate the remainder when 11926 is divided by 1986.
10
What is the remainder when 12393 is divided by 124?
117
What is the remainder when 4010 is divided by 1266?
212
Calculate the remainder when 7954 is divided by 21.
16
Calculate the remainder when 38 is divided by 2.
0
Calculate the remainder when 8188 is divided by 4090.
8
Calculate the remainder when 5500154 is divided by 923.
920
Calculate the remainder when 6850 is divided by 51.
16
Calculate the remainder when 50510 is divided by 601.
26
Calculate the remainder when 885 is divided by 228.
201
What is the remainder when 62491 is divided by 52?
39
Calculate the remainder when 139059 is divided by 10.
9
What is the remainder when 14467 is divided by 14457?
10
What is the remainder when 20146 is divided by 650?
646
What is the remainder when 29877 is divided by 1149?
3
What is the remainder when 657316 is divided by 857?
854
Calculate the remainder when 57661 is divided by 345.
46
What is the remainder when 203924 is divided by 216?
20
What is the remainder when 68320 is divided by 25?
20
What is the remainder when 4388 is divided by 122?
118
What is the remainder when 156919 is divided by 64?
55
Calculate the remainder when 271205 is divided by 271187.
18
Calculate the remainder when 2737932 is divided by 85.
82
What is the remainder when 2401 is divided by 67?
56
Calculate the remainder when 20780 is divided by 156.
32
What is the remainder when 584 is divided by 460?
124
What is the remainder when 85185 is divided by 298?
255
Calculate the remainder when 179498 is divided by 144.
74
Calculate the remainder when 174459 is divided by 43607.
31
What is the remainder when 8837 is divided by 4414?
9
Calculate the remainder when 2754949 is divided by 136.
133
Calculate the remainder when 64352 is divided by 1570.
1552
Calculate the remainder when 3126 is divided by 121.
101
Calculate the remainder when 140310 is divided by 44.
38
What is the remainder when 1502 is divided by 127?
105
What is the remainder when 38152 is divided by 27?
1
What is the remainder when 102791 is divided by 3951?
65
What is the remainder when 519943 is divided by 39?
34
What is the remainder when 1470 is divided by 477?
39
What is the remainder when 1267882 is divided by 805?
7
What is the remainder when 109653 is divided by 645?
3
What is the remainder when 32291 is divided by 414?
413
Calculate the remainder when 50658 is divided by 20.
18
Calculate the remainder when 5522 is divided by 45.
32
What is the remainder when 10538 is divided by 1509?
1484
What is the remainder when 138633 is divided by 235?
218
What is the remainder when 13717 is divided by 254?
1
What is the remainder when 884258 is divided by 442123?
12
What is the remain